HEX
Server: Apache
System: Linux d15.hzone.ro 3.10.0-962.3.2.lve1.5.87.el7.x86_64 #1 SMP Tue Jan 28 09:38:56 UTC 2025 x86_64
User: velceapa (1444)
PHP: 7.4.33
Disabled: NONE
Upload Files
File: /home/velceapa/access-logs/startupzone.velcea-partners.ro
85.128.143.151 - - [05/Apr/2026:15:30:08 +0300] "POST /xmlrpc.php HTTP/1.1" 200 133581 "-" "Mozilla/5.0 (Windows NT 10.0) AppleWebKit/537.36 (KHTML, like Gecko) Chrome/142.0.0.0 Safari/537.36"
5.180.41.96 - - [05/Apr/2026:15:46:24 +0300] "GET / HTTP/1.1" 200 133581 "-" "Mozilla/5.0 (Macintosh; Intel Mac OS X 10_15_7) AppleWebKit/537.36 (KHTML, like Gecko) Chrome/120.0.0.0 Safari/537.36"
216.244.66.202 - - [05/Apr/2026:15:49:13 +0300] "GET /robots.txt HTTP/1.1" 200 94 "-" "Mozilla/5.0 (compatible; DotBot/1.2; +https://opensiteexplorer.org/dotbot; help@moz.com)"
78.88.230.100 - - [05/Apr/2026:15:50:05 +0300] "POST /xmlrpc.php HTTP/1.1" 200 133581 "-" "Mozilla/5.0 (Windows NT 10.0; rv:140.0) Gecko/20100101 Firefox/140.0"
216.48.99.211 - - [05/Apr/2026:15:54:10 +0300] "POST /xmlrpc.php HTTP/1.1" 200 133581 "-" "Mozilla/5.0 (Macintosh; Intel Mac OS X 10_14_6) AppleWebKit/537.36 (KHTML, like Gecko) Chrome/80.0.3987.132 Safari/537.36"
46.172.227.100 - - [05/Apr/2026:15:54:19 +0300] "POST /xmlrpc.php HTTP/1.1" 200 133581 "-" "Mozilla/5.0 (Macintosh; Intel Mac OS X 10_14_6) AppleWebKit/537.36 (KHTML, like Gecko) Chrome/80.0.3987.132 Safari/537.36"
92.96.144.169 - - [05/Apr/2026:15:54:34 +0300] "POST /xmlrpc.php HTTP/1.1" 200 133581 "-" "Mozilla/5.0 (Macintosh; Intel Mac OS X 10_14_6) AppleWebKit/537.36 (KHTML, like Gecko) Chrome/80.0.3987.132 Safari/537.36"
216.48.98.226 - - [05/Apr/2026:15:54:37 +0300] "POST /xmlrpc.php HTTP/1.1" 200 133581 "-" "Mozilla/5.0 (Macintosh; Intel Mac OS X 10_14_6) AppleWebKit/537.36 (KHTML, like Gecko) Chrome/80.0.3987.132 Safari/537.36"
74.234.80.3 - - [05/Apr/2026:15:58:43 +0300] "GET /wp-content/plugins/hellopress/wp_filemanager.php HTTP/1.1" 200 133581 "-" "-"
74.234.80.3 - - [05/Apr/2026:15:58:43 +0300] "GET /RIP.php HTTP/1.1" 200 133581 "-" "-"
20.151.201.236 - - [05/Apr/2026:16:00:06 +0300] "GET /wp-content/plugins/hellopress/wp_filemanager.php HTTP/1.1" 200 133581 "-" "-"
20.151.201.236 - - [05/Apr/2026:16:00:07 +0300] "GET /txets.php HTTP/1.1" 200 8 "-" "-"
20.151.201.236 - - [05/Apr/2026:16:00:07 +0300] "GET /7logs.php HTTP/1.1" 200 133581 "-" "-"
145.239.195.38 - - [05/Apr/2026:16:00:20 +0300] "GET /robots.txt HTTP/1.1" 200 94 "-" "Mozilla/5.0 (compatible; MJ12bot/v1.4.8; http://mj12bot.com/)"
145.239.195.38 - - [05/Apr/2026:16:00:23 +0300] "GET /2026/04/04/%E3%82%AF%E3%82%A4%E3%83%BC%E3%83%B3%E3%83%99%E3%82%AC%E3%82%B9%E3%82%AB%E3%82%B8%E3%83%8E%E3%81%AE%E5%85%A5%E9%87%91%E4%B8%8D%E8%A6%81%E3%83%9C%E3%83%BC%E3%83%8A%E3%82%B92026/%00http HTTP/1.1" 404 133581 "-" "Mozilla/5.0 (compatible; MJ12bot/v1.4.8; http://mj12bot.com/)"
145.239.195.38 - - [05/Apr/2026:16:00:27 +0300] "GET /2026/04/04/150%E5%9B%9E%E3%81%AE%E3%83%95%E3%83%AA%E3%83%BC%E3%82%B9%E3%83%94%E3%83%B3%E7%89%B9%E5%85%B8/feed/%00http HTTP/1.1" 404 133581 "-" "Mozilla/5.0 (compatible; MJ12bot/v1.4.8; http://mj12bot.com/)"
145.239.195.38 - - [05/Apr/2026:16:00:31 +0300] "GET /2026/04/04/150%E5%9B%9E%E3%81%AE%E3%83%95%E3%83%AA%E3%83%BC%E3%82%B9%E3%83%94%E3%83%B3%E7%89%B9%E5%85%B8/%00http HTTP/1.1" 404 133581 "-" "Mozilla/5.0 (compatible; MJ12bot/v1.4.8; http://mj12bot.com/)"
145.239.195.38 - - [05/Apr/2026:16:00:35 +0300] "GET /robots.txt HTTP/1.1" 200 94 "-" "Mozilla/5.0 (compatible; MJ12bot/v1.4.8; http://mj12bot.com/)"
145.239.195.38 - - [05/Apr/2026:16:00:39 +0300] "GET /2026/04/04/%E3%82%AF%E3%82%A4%E3%83%BC%E3%83%B3%E3%83%99%E3%82%AC%E3%82%B9%E3%82%AB%E3%82%B8%E3%83%8E%E3%81%AE%E5%85%A5%E9%87%91%E4%B8%8D%E8%A6%81%E3%83%9C%E3%83%BC%E3%83%8A%E3%82%B92026/%00http HTTP/1.1" 404 133581 "-" "Mozilla/5.0 (compatible; MJ12bot/v1.4.8; http://mj12bot.com/)"
145.239.195.38 - - [05/Apr/2026:16:00:42 +0300] "GET /2026/04/04/150%E5%9B%9E%E3%81%AE%E3%83%95%E3%83%AA%E3%83%BC%E3%82%B9%E3%83%94%E3%83%B3%E7%89%B9%E5%85%B8/feed/%00http HTTP/1.1" 404 133581 "-" "Mozilla/5.0 (compatible; MJ12bot/v1.4.8; http://mj12bot.com/)"
145.239.195.38 - - [05/Apr/2026:16:00:46 +0300] "GET /2026/04/04/150%E5%9B%9E%E3%81%AE%E3%83%95%E3%83%AA%E3%83%BC%E3%82%B9%E3%83%94%E3%83%B3%E7%89%B9%E5%85%B8/%00http HTTP/1.1" 404 133581 "-" "Mozilla/5.0 (compatible; MJ12bot/v1.4.8; http://mj12bot.com/)"
185.226.232.56 - - [05/Apr/2026:16:01:24 +0300] "POST /xmlrpc.php HTTP/1.1" 200 133581 "-" "Mozilla/5.0 (Windows NT 10.0; rv:143.0) Gecko/20100101 Firefox/143.0"
145.239.195.38 - - [05/Apr/2026:16:02:11 +0300] "GET /robots.txt HTTP/1.1" 200 94 "-" "Mozilla/5.0 (compatible; MJ12bot/v1.4.8; http://mj12bot.com/)"
145.239.195.38 - - [05/Apr/2026:16:02:15 +0300] "GET /2026/04/04/%E3%82%AF%E3%82%A4%E3%83%BC%E3%83%B3%E3%83%99%E3%82%AC%E3%82%B9%E3%82%AB%E3%82%B8%E3%83%8E%E3%81%AE%E5%85%A5%E9%87%91%E4%B8%8D%E8%A6%81%E3%83%9C%E3%83%BC%E3%83%8A%E3%82%B92026/%00http HTTP/1.1" 404 133581 "-" "Mozilla/5.0 (compatible; MJ12bot/v1.4.8; http://mj12bot.com/)"
145.239.195.38 - - [05/Apr/2026:16:02:18 +0300] "GET /2026/04/04/150%E5%9B%9E%E3%81%AE%E3%83%95%E3%83%AA%E3%83%BC%E3%82%B9%E3%83%94%E3%83%B3%E7%89%B9%E5%85%B8/feed/%00http HTTP/1.1" 404 133581 "-" "Mozilla/5.0 (compatible; MJ12bot/v1.4.8; http://mj12bot.com/)"
145.239.195.38 - - [05/Apr/2026:16:02:22 +0300] "GET /2026/04/04/150%E5%9B%9E%E3%81%AE%E3%83%95%E3%83%AA%E3%83%BC%E3%82%B9%E3%83%94%E3%83%B3%E7%89%B9%E5%85%B8/%00http HTTP/1.1" 404 133581 "-" "Mozilla/5.0 (compatible; MJ12bot/v1.4.8; http://mj12bot.com/)"
145.239.195.38 - - [05/Apr/2026:16:03:22 +0300] "GET /robots.txt HTTP/1.1" 200 94 "-" "Mozilla/5.0 (compatible; MJ12bot/v1.4.8; http://mj12bot.com/)"
145.239.195.38 - - [05/Apr/2026:16:03:25 +0300] "GET /2026/04/04/%E3%82%AF%E3%82%A4%E3%83%BC%E3%83%B3%E3%83%99%E3%82%AC%E3%82%B9%E3%82%AB%E3%82%B8%E3%83%8E%E3%81%AE%E5%85%A5%E9%87%91%E4%B8%8D%E8%A6%81%E3%83%9C%E3%83%BC%E3%83%8A%E3%82%B92026/%00http HTTP/1.1" 404 133581 "-" "Mozilla/5.0 (compatible; MJ12bot/v1.4.8; http://mj12bot.com/)"
145.239.195.38 - - [05/Apr/2026:16:03:29 +0300] "GET /2026/04/04/150%E5%9B%9E%E3%81%AE%E3%83%95%E3%83%AA%E3%83%BC%E3%82%B9%E3%83%94%E3%83%B3%E7%89%B9%E5%85%B8/feed/%00http HTTP/1.1" 404 133581 "-" "Mozilla/5.0 (compatible; MJ12bot/v1.4.8; http://mj12bot.com/)"
145.239.195.38 - - [05/Apr/2026:16:03:33 +0300] "GET /2026/04/04/150%E5%9B%9E%E3%81%AE%E3%83%95%E3%83%AA%E3%83%BC%E3%82%B9%E3%83%94%E3%83%B3%E7%89%B9%E5%85%B8/%00http HTTP/1.1" 404 133581 "-" "Mozilla/5.0 (compatible; MJ12bot/v1.4.8; http://mj12bot.com/)"
145.239.195.38 - - [05/Apr/2026:16:03:53 +0300] "GET /robots.txt HTTP/1.1" 200 94 "-" "Mozilla/5.0 (compatible; MJ12bot/v1.4.8; http://mj12bot.com/)"
145.239.195.38 - - [05/Apr/2026:16:03:56 +0300] "GET /2026/04/04/%E3%82%AF%E3%82%A4%E3%83%BC%E3%83%B3%E3%83%99%E3%82%AC%E3%82%B9%E3%82%AB%E3%82%B8%E3%83%8E%E3%81%AE%E5%85%A5%E9%87%91%E4%B8%8D%E8%A6%81%E3%83%9C%E3%83%BC%E3%83%8A%E3%82%B92026/%00http HTTP/1.1" 404 133581 "-" "Mozilla/5.0 (compatible; MJ12bot/v1.4.8; http://mj12bot.com/)"
145.239.195.38 - - [05/Apr/2026:16:04:00 +0300] "GET /2026/04/04/150%E5%9B%9E%E3%81%AE%E3%83%95%E3%83%AA%E3%83%BC%E3%82%B9%E3%83%94%E3%83%B3%E7%89%B9%E5%85%B8/feed/%00http HTTP/1.1" 404 133581 "-" "Mozilla/5.0 (compatible; MJ12bot/v1.4.8; http://mj12bot.com/)"
145.239.195.38 - - [05/Apr/2026:16:04:04 +0300] "GET /2026/04/04/150%E5%9B%9E%E3%81%AE%E3%83%95%E3%83%AA%E3%83%BC%E3%82%B9%E3%83%94%E3%83%B3%E7%89%B9%E5%85%B8/%00http HTTP/1.1" 404 133581 "-" "Mozilla/5.0 (compatible; MJ12bot/v1.4.8; http://mj12bot.com/)"
216.244.66.202 - - [05/Apr/2026:16:04:51 +0300] "GET /2021/05/07/proiect-de-oug-firmele-si-pfa-urile-vor-fi-obligate-sa-si-cumpere-semnatura-electronica-si-sa-intre-in-spatiul-privat-virual-de-la-anaf/feed/ HTTP/1.1" 200 133581 "-" "Mozilla/5.0 (compatible; DotBot/1.2; +https://opensiteexplorer.org/dotbot; help@moz.com)"
216.244.66.202 - - [05/Apr/2026:16:04:58 +0300] "GET /2021/07/13/1-milion-euro-pentru-startup-uri-romanesti-investitii-pregatite-de-un-grup-de-business-angels-in-2021/feed/ HTTP/1.1" 200 133581 "-" "Mozilla/5.0 (compatible; DotBot/1.2; +https://opensiteexplorer.org/dotbot; help@moz.com)"
216.244.66.202 - - [05/Apr/2026:16:05:04 +0300] "GET /2021/09/27/calendarul-actualizat-al-lansarilor-pe-pndr-lansarea-celor-2-apeluri-pe-activitati-non-agricole-estimata-pentru-luna-octombrie/feed/ HTTP/1.1" 200 133581 "-" "Mozilla/5.0 (compatible; DotBot/1.2; +https://opensiteexplorer.org/dotbot; help@moz.com)"
216.244.66.202 - - [05/Apr/2026:16:05:11 +0300] "GET /2021/11/10/proiect-de-oug-contract-de-munca-incheiat-intre-bona-si-parinti/feed/ HTTP/1.1" 200 133581 "-" "Mozilla/5.0 (compatible; DotBot/1.2; +https://opensiteexplorer.org/dotbot; help@moz.com)"
216.244.66.202 - - [05/Apr/2026:16:05:19 +0300] "GET /2021/12/03/inca-o-luna-pentru-programul-growth-de-anul-acesta-600-lei-pentru-fiecare-copil/feed/ HTTP/1.1" 200 133581 "-" "Mozilla/5.0 (compatible; DotBot/1.2; +https://opensiteexplorer.org/dotbot; help@moz.com)"
216.244.66.202 - - [05/Apr/2026:16:05:26 +0300] "GET /2022/01/12/in-2022-in-programul-casa-verde-sunt-bani-pentru-toti-beneficiarii-dosare-noi-se-pot-depune-dupa-martie-aprilie/feed/ HTTP/1.1" 200 133581 "-" "Mozilla/5.0 (compatible; DotBot/1.2; +https://opensiteexplorer.org/dotbot; help@moz.com)"
216.244.66.202 - - [05/Apr/2026:16:05:36 +0300] "GET /2022/03/16/preturile-la-combustibilii-utilizati-in-gospodarie-subventionate/feed/ HTTP/1.1" 200 133581 "-" "Mozilla/5.0 (compatible; DotBot/1.2; +https://opensiteexplorer.org/dotbot; help@moz.com)"
216.244.66.202 - - [05/Apr/2026:16:05:45 +0300] "GET /2022/11/02/plati-comisia-propune-accelerarea-introducerii-platilor-instant-in-euro/feed/ HTTP/1.1" 200 133581 "-" "Mozilla/5.0 (compatible; DotBot/1.2; +https://opensiteexplorer.org/dotbot; help@moz.com)"
216.244.66.202 - - [05/Apr/2026:16:05:52 +0300] "GET /2023/01/30/varianta-finala-a-schemei-de-ajutor-de-minimis-si-a-ghidului-solicitantului-pe-apelul-privind-digitalizarea-productiei-si-distributiei-de-filme/feed/ HTTP/1.1" 200 133581 "-" "Mozilla/5.0 (compatible; DotBot/1.2; +https://opensiteexplorer.org/dotbot; help@moz.com)"
216.244.66.202 - - [05/Apr/2026:16:05:59 +0300] "GET /2023/02/02/subventie-apia-noua-de-150-euro-hectar-iata-ce-trebuie-sa-faci-ca-sa-primesti-banii/feed/ HTTP/1.1" 200 133581 "-" "Mozilla/5.0 (compatible; DotBot/1.2; +https://opensiteexplorer.org/dotbot; help@moz.com)"
216.244.66.202 - - [05/Apr/2026:16:06:05 +0300] "GET /2023/03/17/noi-ghiduri-pe-pr-nord-vest-lansate-in-consultare-publica/feed/ HTTP/1.1" 200 133581 "-" "Mozilla/5.0 (compatible; DotBot/1.2; +https://opensiteexplorer.org/dotbot; help@moz.com)"
216.244.66.202 - - [05/Apr/2026:16:06:10 +0300] "GET /2021/06/09/firmele-il-numesc-pe-claudiu-nasui-cel-mai-incompetent-ministru-al-economiei-programul-pentru-investitii-este-inchis-iar-banii-pentru-acesta-inca-nu-s-au-mutat-pe-capital-de-lucru/feed/ HTTP/1.1" 200 133581 "-" "Mozilla/5.0 (compatible; DotBot/1.2; +https://opensiteexplorer.org/dotbot; help@moz.com)"
216.244.66.202 - - [05/Apr/2026:16:15:47 +0300] "GET /2021/02/03/investitii-de-55-000-euro-pentru-startup-urile-europene/ HTTP/1.1" 200 133581 "-" "Mozilla/5.0 (compatible; DotBot/1.2; +https://opensiteexplorer.org/dotbot; help@moz.com)"
67.205.159.76 - - [05/Apr/2026:16:20:18 +0300] "POST /xmlrpc.php HTTP/1.1" 200 133581 "-" "Mozilla/5.0 (Windows NT 10.0) AppleWebKit/537.36 (KHTML, like Gecko) Chrome/137.0.0.0 Safari/537.36"
185.5.208.196 - - [05/Apr/2026:16:29:22 +0300] "POST /xmlrpc.php HTTP/1.1" 200 133581 "-" "Mozilla/5.0 (Windows NT 10.0) AppleWebKit/537.43 (KHTML, like Gecko) Chrome/135.0.0.0 Safari/537.36 OPR/120.0.0.0"
172.213.152.220 - - [05/Apr/2026:16:33:59 +0300] "GET /wp-content/plugins/hellopress/wp_filemanager.php HTTP/1.1" 200 133581 "-" "-"
172.213.152.220 - - [05/Apr/2026:16:33:59 +0300] "GET /CDX2.php HTTP/1.1" 200 133581 "-" "-"
216.244.66.202 - - [05/Apr/2026:16:38:07 +0300] "GET /robots.txt HTTP/1.1" 200 94 "-" "Mozilla/5.0 (compatible; DotBot/1.2; +https://opensiteexplorer.org/dotbot; help@moz.com)"
103.141.164.244 - - [05/Apr/2026:16:42:17 +0300] "GET / HTTP/1.1" 200 133581 "-" "python-requests/2.32.4"
185.198.240.107 - - [05/Apr/2026:16:47:23 +0300] "GET /dup-installer/main.installer.php HTTP/1.1" 200 133581 "-" "-"
216.244.66.202 - - [05/Apr/2026:16:53:51 +0300] "GET /2022/03/25/8013/feed/ HTTP/1.1" 200 133581 "-" "Mozilla/5.0 (compatible; DotBot/1.2; +https://opensiteexplorer.org/dotbot; help@moz.com)"
216.244.66.202 - - [05/Apr/2026:16:54:16 +0300] "GET /2022/03/17/codul-fiscal-a-fost-modificat-ce-poate-face-anaf-acum-si-cine-e-vizat/feed/ HTTP/1.1" 200 133581 "-" "Mozilla/5.0 (compatible; DotBot/1.2; +https://opensiteexplorer.org/dotbot; help@moz.com)"
216.244.66.202 - - [05/Apr/2026:16:54:32 +0300] "GET /2022/10/03/masura-acordarii-de-reducere-ale-preturilor-la-benzina-si-motorina-prelungita/feed/ HTTP/1.1" 200 133581 "-" "Mozilla/5.0 (compatible; DotBot/1.2; +https://opensiteexplorer.org/dotbot; help@moz.com)"
212.125.4.206 - - [05/Apr/2026:16:57:37 +0300] "POST /xmlrpc.php HTTP/1.1" 200 133581 "-" "Mozilla/5.0 (Windows NT 10.0; WOW64) AppleWebKit/537.43 (KHTML, like Gecko) Chrome/135.0.0.0 Safari/537.36 OPR/120.0.0.0"
216.244.66.202 - - [05/Apr/2026:17:05:35 +0300] "GET /2026/03/31/fafafa-demo-slot-machine-mayan-princess-review-free-spadegaming-ports/ HTTP/1.1" 200 133581 "-" "Mozilla/5.0 (compatible; DotBot/1.2; +https://opensiteexplorer.org/dotbot; help@moz.com)"
209.87.169.100 - - [05/Apr/2026:17:28:59 +0300] "GET /wp-includes/css/buttons.css HTTP/1.1" 200 9830 "-" "Go-http-client/1.1"
216.244.66.202 - - [05/Apr/2026:17:30:32 +0300] "GET /robots.txt HTTP/1.1" 200 94 "-" "Mozilla/5.0 (compatible; DotBot/1.2; +https://opensiteexplorer.org/dotbot; help@moz.com)"
216.244.66.202 - - [05/Apr/2026:17:49:34 +0300] "GET /2021/08/12/au-mai-ramas-3-zile-pana-la-inscrierea-la-acceleraorul-de-afaceri-ce-ofera-finantari-totale-de-300-000-euro-pentru-start-up-uri-eco/feed/ HTTP/1.1" 200 133581 "-" "Mozilla/5.0 (compatible; DotBot/1.2; +https://opensiteexplorer.org/dotbot; help@moz.com)"
216.244.66.202 - - [05/Apr/2026:17:49:40 +0300] "GET /2021/09/01/de-maine-introducerea-pe-piata-a-tacamurilor-din-plastic-si-alte-produse-de-unica-folosinta-interzisa/feed/ HTTP/1.1" 200 133581 "-" "Mozilla/5.0 (compatible; DotBot/1.2; +https://opensiteexplorer.org/dotbot; help@moz.com)"
216.244.66.202 - - [05/Apr/2026:17:49:46 +0300] "GET /2022/01/04/guvernul-reintroduce-posibilitatea-pentru-firme-de-a-si-plasa-angajatii-in-somaj-tehnic-decontat-de-stat/feed/ HTTP/1.1" 200 133581 "-" "Mozilla/5.0 (compatible; DotBot/1.2; +https://opensiteexplorer.org/dotbot; help@moz.com)"
216.244.66.202 - - [05/Apr/2026:17:49:51 +0300] "GET /2022/01/13/regimurile-speciale-de-tva-proceduri-de-colectare-a-creantelor-bugetare-in-vigoare/feed/ HTTP/1.1" 200 133581 "-" "Mozilla/5.0 (compatible; DotBot/1.2; +https://opensiteexplorer.org/dotbot; help@moz.com)"
216.244.66.202 - - [05/Apr/2026:17:49:56 +0300] "GET /2022/07/07/au-fost-aprobate-regulile-de-eligibilitate-a-cheltuielilor-pe-care-le-pot-efectua-beneficiarii-in-perioada-de-programare-2021-2027/feed/ HTTP/1.1" 200 133581 "-" "Mozilla/5.0 (compatible; DotBot/1.2; +https://opensiteexplorer.org/dotbot; help@moz.com)"
216.244.66.202 - - [05/Apr/2026:17:50:01 +0300] "GET /2023/02/27/schema-de-minimis-pentru-sectorul-independent-sc-ong-pfa-ii/feed/ HTTP/1.1" 200 133581 "-" "Mozilla/5.0 (compatible; DotBot/1.2; +https://opensiteexplorer.org/dotbot; help@moz.com)"
216.244.66.202 - - [05/Apr/2026:17:50:06 +0300] "GET /2023/05/09/stagii-de-practica-pentru-50-000-de-elevi-si-studenti-finantate-din-fonduri-europene/feed/ HTTP/1.1" 200 133581 "-" "Mozilla/5.0 (compatible; DotBot/1.2; +https://opensiteexplorer.org/dotbot; help@moz.com)"
216.244.66.202 - - [05/Apr/2026:17:50:11 +0300] "GET /2021/11/18/esti-pfa-sau-intreprindere-individuala-sau-ai-un-imm-sau-microintreprindere-hartia-pe-care-trebuie-sa-o-trimiti-ca-sa-beneficiezi-de-reducerea-facturii-la-gaz-si-energie-electrica/feed/ HTTP/1.1" 200 133581 "-" "Mozilla/5.0 (compatible; DotBot/1.2; +https://opensiteexplorer.org/dotbot; help@moz.com)"
216.244.66.202 - - [05/Apr/2026:17:54:52 +0300] "GET /category/entertainment/feed/ HTTP/1.1" 200 133581 "-" "Mozilla/5.0 (compatible; DotBot/1.2; +https://opensiteexplorer.org/dotbot; help@moz.com)"
43.128.149.102 - - [05/Apr/2026:18:14:26 +0300] "GET / HTTP/1.1" 200 133581 "-" "Mozilla/5.0 (iPhone; CPU iPhone OS 13_2_3 like Mac OS X) AppleWebKit/605.1.15 (KHTML, like Gecko) Version/13.0.3 Mobile/15E148 Safari/604.1"
137.184.25.215 - - [05/Apr/2026:18:14:41 +0300] "POST /xmlrpc.php HTTP/1.1" 200 133581 "-" "Mozilla/5.0 (Windows NT 10.0; WOW64) AppleWebKit/537.36 (KHTML, like Gecko) Chrome/140.0.0.0 Safari/537.36 Edg/140.0.0.0"
195.77.185.194 - - [05/Apr/2026:18:16:19 +0300] "POST /xmlrpc.php HTTP/1.1" 200 133581 "-" "Mozilla/5.0 (Windows NT 10.0) AppleWebKit/537.36 (KHTML, like Gecko) Chrome/138.0.0.0 Safari/537.36 Edg/138.0.0.0"
216.244.66.202 - - [05/Apr/2026:18:21:42 +0300] "GET /robots.txt HTTP/1.1" 200 94 "-" "Mozilla/5.0 (compatible; DotBot/1.2; +https://opensiteexplorer.org/dotbot; help@moz.com)"
43.131.32.36 - - [05/Apr/2026:18:28:42 +0300] "GET /?path=/home/velceapa/startupzone.ro/cgi-bin HTTP/1.1" 200 15726 "-" "Mozilla/5.0 (iPhone; CPU iPhone OS 13_2_3 like Mac OS X) AppleWebKit/605.1.15 (KHTML, like Gecko) Version/13.0.3 Mobile/15E148 Safari/604.1"
49.51.253.83 - - [05/Apr/2026:18:38:16 +0300] "GET /?fileloc=/home/velceapa/startupzone.ro/edit-tags.php&path=/home/velceapa/startupzone.ro HTTP/1.1" 200 12352 "-" "Mozilla/5.0 (iPhone; CPU iPhone OS 13_2_3 like Mac OS X) AppleWebKit/605.1.15 (KHTML, like Gecko) Version/13.0.3 Mobile/15E148 Safari/604.1"
216.244.66.202 - - [05/Apr/2026:18:39:08 +0300] "GET /2019/01/07/instagram-embed-example/feed/ HTTP/1.1" 200 133581 "-" "Mozilla/5.0 (compatible; DotBot/1.2; +https://opensiteexplorer.org/dotbot; help@moz.com)"
216.244.66.202 - - [05/Apr/2026:18:39:24 +0300] "GET /2021/02/17/identificarea-in-sistemele-it-ale-statului-poate-fi-realizata-de-acasa-doar-prezentand-ci/feed/ HTTP/1.1" 200 133581 "-" "Mozilla/5.0 (compatible; DotBot/1.2; +https://opensiteexplorer.org/dotbot; help@moz.com)"
216.244.66.202 - - [05/Apr/2026:18:39:30 +0300] "GET /2021/05/13/masura-a-3a-ar-putea-fi-reluata-de-la-zero-daca-ministrul-economiei-ar-fi-interesat-de-implementarea-acesteia/feed/ HTTP/1.1" 200 133581 "-" "Mozilla/5.0 (compatible; DotBot/1.2; +https://opensiteexplorer.org/dotbot; help@moz.com)"
216.244.66.202 - - [05/Apr/2026:18:39:36 +0300] "GET /2021/06/04/eurostat-romania-a-inregistrat-in-aprilie-a-treia-cea-mai-mare-crestere-din-ue-41-a-volumului-comertului-cu-amanuntul-fata-de-aprilie-2020/feed/ HTTP/1.1" 200 133581 "-" "Mozilla/5.0 (compatible; DotBot/1.2; +https://opensiteexplorer.org/dotbot; help@moz.com)"
216.244.66.202 - - [05/Apr/2026:18:39:45 +0300] "GET /2021/07/06/nu-au-fost-depuse-nici-macar-3000-de-aplicatii-la-programul-horeca/feed/ HTTP/1.1" 200 133581 "-" "Mozilla/5.0 (compatible; DotBot/1.2; +https://opensiteexplorer.org/dotbot; help@moz.com)"
216.244.66.202 - - [05/Apr/2026:18:40:02 +0300] "GET /2021/08/19/record-al-ultimilor-zece-ani-la-productia-de-grau-si-orz-fermierii-au-obtinut-in-medie-peste-53-tone-la-hectar/feed/ HTTP/1.1" 200 133581 "-" "Mozilla/5.0 (compatible; DotBot/1.2; +https://opensiteexplorer.org/dotbot; help@moz.com)"
216.244.66.202 - - [05/Apr/2026:18:40:16 +0300] "GET /2021/08/24/ajutorul-covid-acordat-pentru-pfa-uri-profesionisti-drepturi-de-autor-va-fi-impozitat-din-oficiu-de-anaf/feed/ HTTP/1.1" 200 133581 "-" "Mozilla/5.0 (compatible; DotBot/1.2; +https://opensiteexplorer.org/dotbot; help@moz.com)"
216.244.66.202 - - [05/Apr/2026:18:40:29 +0300] "GET /2021/11/17/fonduri-europene-burse-de-cate-400-euro-pe-luna-pentru-cei-care-fac-doctorat/feed/ HTTP/1.1" 200 133581 "-" "Mozilla/5.0 (compatible; DotBot/1.2; +https://opensiteexplorer.org/dotbot; help@moz.com)"
216.244.66.202 - - [05/Apr/2026:18:40:41 +0300] "GET /2023/01/04/noutati-in-domeniul-gestionarii-financiare-a-fondurilor-europene/feed/ HTTP/1.1" 200 133581 "-" "Mozilla/5.0 (compatible; DotBot/1.2; +https://opensiteexplorer.org/dotbot; help@moz.com)"
216.244.66.202 - - [05/Apr/2026:18:40:59 +0300] "GET /2023/03/08/calendarul-lansarilor-apelurilor-pentru-mediu-in-2023/feed/ HTTP/1.1" 200 133581 "-" "Mozilla/5.0 (compatible; DotBot/1.2; +https://opensiteexplorer.org/dotbot; help@moz.com)"
216.244.66.202 - - [05/Apr/2026:18:45:41 +0300] "GET /2026/04/02/echtgeld-casinos-inside-teutonia-2026-verbunden-damit-echtes-bimbes-spielen/ HTTP/1.1" 200 133581 "-" "Mozilla/5.0 (compatible; DotBot/1.2; +https://opensiteexplorer.org/dotbot; help@moz.com)"
104.208.160.135 - - [05/Apr/2026:18:54:27 +0300] "POST /xmlrpc.php HTTP/1.1" 200 133581 "-" "Mozilla/5.0 (Windows NT 10.0; WOW64) AppleWebKit/537.43 (KHTML, like Gecko) Chrome/135.0.0.0 Safari/537.36 OPR/120.0.0.0"
43.157.22.57 - - [05/Apr/2026:19:08:18 +0300] "GET /?fileloc=/home/velceapa/startupzone.ro/nddvgtes.php&path=/home/velceapa/startupzone.ro HTTP/1.1" 200 12351 "-" "Mozilla/5.0 (iPhone; CPU iPhone OS 13_2_3 like Mac OS X) AppleWebKit/605.1.15 (KHTML, like Gecko) Version/13.0.3 Mobile/15E148 Safari/604.1"
216.244.66.202 - - [05/Apr/2026:19:13:00 +0300] "GET /robots.txt HTTP/1.1" 200 94 "-" "Mozilla/5.0 (compatible; DotBot/1.2; +https://opensiteexplorer.org/dotbot; help@moz.com)"
216.244.66.202 - - [05/Apr/2026:19:30:13 +0300] "GET /2021/02/12/capital-de-lucru-22-226-de-aplicatii-depuse-dintre-care-doar-2-880-au-fost-platite/feed/ HTTP/1.1" 200 133581 "-" "Mozilla/5.0 (compatible; DotBot/1.2; +https://opensiteexplorer.org/dotbot; help@moz.com)"
216.244.66.202 - - [05/Apr/2026:19:30:25 +0300] "GET /2021/04/09/canva-start-up-fondat-in-2012-a-ajuns-sa-valoreze-15-miliarde-de-dolari/feed/ HTTP/1.1" 200 133581 "-" "Mozilla/5.0 (compatible; DotBot/1.2; +https://opensiteexplorer.org/dotbot; help@moz.com)"
216.244.66.202 - - [05/Apr/2026:19:30:45 +0300] "GET /2021/07/15/germania-fond-de-10-mld-euro-pentru-finantarea-start-up-urilor-din-tehnologie/feed/ HTTP/1.1" 200 133581 "-" "Mozilla/5.0 (compatible; DotBot/1.2; +https://opensiteexplorer.org/dotbot; help@moz.com)"
216.244.66.202 - - [05/Apr/2026:19:31:15 +0300] "GET /2021/07/16/modificari-in-activitatea-ong-urilor-nu-mai-este-necesar-actul-constitutiv/feed/ HTTP/1.1" 200 133581 "-" "Mozilla/5.0 (compatible; DotBot/1.2; +https://opensiteexplorer.org/dotbot; help@moz.com)"
81.169.202.222 - - [05/Apr/2026:19:31:40 +0300] "POST /xmlrpc.php HTTP/1.1" 200 133581 "-" "Mozilla/5.0 (Windows NT 10.0; Win64; x64; rv:141.0) Gecko/20100101 Firefox/141.0"
216.244.66.202 - - [05/Apr/2026:19:31:43 +0300] "GET /2021/11/26/luni-29-noiembrie-este-termenul-pentru-depunerea-cererii-de-restituire-a-accizelor/feed/ HTTP/1.1" 200 133581 "-" "Mozilla/5.0 (compatible; DotBot/1.2; +https://opensiteexplorer.org/dotbot; help@moz.com)"
216.244.66.202 - - [05/Apr/2026:19:32:09 +0300] "GET /2022/03/01/proiect-anaf-cu-procedura-privind-mecanismul-permanent-de-rambursare-a-tva-ului-cu-control-ulterior/feed/ HTTP/1.1" 200 133581 "-" "Mozilla/5.0 (compatible; DotBot/1.2; +https://opensiteexplorer.org/dotbot; help@moz.com)"
216.244.66.202 - - [05/Apr/2026:19:32:47 +0300] "GET /2022/11/22/ajutor-de-stat-pentru-industria-de-fabricare-a-produselor-de-morarit-uleiurilor-si-produselor-lactate/feed/ HTTP/1.1" 200 133581 "-" "Mozilla/5.0 (compatible; DotBot/1.2; +https://opensiteexplorer.org/dotbot; help@moz.com)"
216.244.66.202 - - [05/Apr/2026:19:35:34 +0300] "GET /author/adriana-nastase/feed/ HTTP/1.1" 200 133581 "-" "Mozilla/5.0 (compatible; DotBot/1.2; +https://opensiteexplorer.org/dotbot; help@moz.com)"
43.153.62.161 - - [05/Apr/2026:19:40:35 +0300] "GET /?path=/home HTTP/1.1" 200 13937 "-" "Mozilla/5.0 (iPhone; CPU iPhone OS 13_2_3 like Mac OS X) AppleWebKit/605.1.15 (KHTML, like Gecko) Version/13.0.3 Mobile/15E148 Safari/604.1"
43.159.143.187 - - [05/Apr/2026:19:48:46 +0300] "GET /?path=/home/velceapa HTTP/1.1" 200 137258 "-" "Mozilla/5.0 (iPhone; CPU iPhone OS 13_2_3 like Mac OS X) AppleWebKit/605.1.15 (KHTML, like Gecko) Version/13.0.3 Mobile/15E148 Safari/604.1"
217.182.194.2 - - [05/Apr/2026:19:53:46 +0300] "GET /robots.txt HTTP/1.1" 200 94 "-" "Mozilla/5.0 (compatible; MJ12bot/v1.4.8; http://mj12bot.com/)"
217.182.194.2 - - [05/Apr/2026:19:53:50 +0300] "GET /2026/03/04/%E1%90%88-high-blue-position-opinion-slot-online-seasons-totally-free-demonstration-genuine-gamble-extra/feed/%00http HTTP/1.1" 404 133581 "-" "Mozilla/5.0 (compatible; MJ12bot/v1.4.8; http://mj12bot.com/)"
43.153.27.244 - - [05/Apr/2026:19:58:29 +0300] "GET /?path=/home/velceapa/startupzone.ro HTTP/1.1" 200 133581 "-" "Mozilla/5.0 (iPhone; CPU iPhone OS 13_2_3 like Mac OS X) AppleWebKit/605.1.15 (KHTML, like Gecko) Version/13.0.3 Mobile/15E148 Safari/604.1"
213.160.75.126 - - [05/Apr/2026:20:10:46 +0300] "POST /xmlrpc.php HTTP/1.1" 200 133581 "-" "Mozilla/5.0 (Windows NT 10.0; WOW64) AppleWebKit/537.36 (KHTML, like Gecko) Chrome/142.0.0.0 Safari/537.36 Edg/142.0.0.0"
216.244.66.202 - - [05/Apr/2026:20:15:52 +0300] "GET /robots.txt HTTP/1.1" 200 94 "-" "Mozilla/5.0 (compatible; DotBot/1.2; +https://opensiteexplorer.org/dotbot; help@moz.com)"
45.79.54.43 - - [05/Apr/2026:20:29:37 +0300] "POST /xmlrpc.php HTTP/1.1" 200 133581 "-" "Mozilla/5.0 (Windows NT 10.0; Win64; x64; rv:141.0) Gecko/20100101 Firefox/141.0"
170.106.84.136 - - [05/Apr/2026:20:30:19 +0300] "GET /?path=/home/velceapa/.subaccounts HTTP/1.1" 200 14233 "-" "Mozilla/5.0 (iPhone; CPU iPhone OS 13_2_3 like Mac OS X) AppleWebKit/605.1.15 (KHTML, like Gecko) Version/13.0.3 Mobile/15E148 Safari/604.1"
216.244.66.202 - - [05/Apr/2026:20:34:46 +0300] "GET /2021/06/23/a-fost-lansata-competitia-solutii-2021/feed/ HTTP/1.1" 200 133581 "-" "Mozilla/5.0 (compatible; DotBot/1.2; +https://opensiteexplorer.org/dotbot; help@moz.com)"
216.244.66.202 - - [05/Apr/2026:20:35:21 +0300] "GET /2021/05/18/comisia-europeana-discuta-posibilitatea-stabilirii-unui-plafon-de-10-000-de-euro-pentru-cumparaturile-cu-plata-in-numerar-in-ue-pentru-a-preveni-spalarea-de-bani/feed/ HTTP/1.1" 200 133581 "-" "Mozilla/5.0 (compatible; DotBot/1.2; +https://opensiteexplorer.org/dotbot; help@moz.com)"
216.244.66.202 - - [05/Apr/2026:20:35:26 +0300] "GET /2021/09/03/modificare-cod-fiscal-impozitul-pentru-spectacole-va-fi-mai-mic/feed/ HTTP/1.1" 200 133581 "-" "Mozilla/5.0 (compatible; DotBot/1.2; +https://opensiteexplorer.org/dotbot; help@moz.com)"
216.244.66.202 - - [05/Apr/2026:20:35:31 +0300] "GET /2021/09/13/oncr-detalii-despre-declaratia-privind-beneficiarii-reali-termen-de-depunere-1-octombrie-2021/feed/ HTTP/1.1" 200 133581 "-" "Mozilla/5.0 (compatible; DotBot/1.2; +https://opensiteexplorer.org/dotbot; help@moz.com)"
216.244.66.202 - - [05/Apr/2026:20:35:36 +0300] "GET /2021/09/23/fonduri-europene-pentru-tineri-antreprenori-de-pana-la-200-000-euro-in-cadrul-proiectelor-startupt-si-sus-rural/feed/ HTTP/1.1" 200 133581 "-" "Mozilla/5.0 (compatible; DotBot/1.2; +https://opensiteexplorer.org/dotbot; help@moz.com)"
216.244.66.202 - - [05/Apr/2026:20:35:41 +0300] "GET /2021/11/18/salariul-real-pe-minus-pentru-prima-data-in-2021-sanatatea-cenusareasa-veniturilor-de-la-stat/feed/ HTTP/1.1" 200 133581 "-" "Mozilla/5.0 (compatible; DotBot/1.2; +https://opensiteexplorer.org/dotbot; help@moz.com)"
216.244.66.202 - - [05/Apr/2026:20:35:46 +0300] "GET /2021/12/17/alocatii-de-600-lei-pentru-copiii-cu-varsta-de-pana-la-2-ani-sau-de-pana-la-3-ani-in-cazul-copilului-cu-handicap/feed/ HTTP/1.1" 200 133581 "-" "Mozilla/5.0 (compatible; DotBot/1.2; +https://opensiteexplorer.org/dotbot; help@moz.com)"
216.244.66.202 - - [05/Apr/2026:20:35:51 +0300] "GET /2022/01/06/timbrul-monumentelor-istorice-2022-apel-de-proiecte-adresat-protejarii-si-promovarii-monumentelor-istorice/feed/ HTTP/1.1" 200 133581 "-" "Mozilla/5.0 (compatible; DotBot/1.2; +https://opensiteexplorer.org/dotbot; help@moz.com)"
216.244.66.202 - - [05/Apr/2026:20:35:56 +0300] "GET /2022/03/08/finantari-2022-sapte-linii-de-fonduri-nerambursabile-credite-garantate-si-investitii-pentru-antreprenorii-romani/feed/ HTTP/1.1" 200 133581 "-" "Mozilla/5.0 (compatible; DotBot/1.2; +https://opensiteexplorer.org/dotbot; help@moz.com)"
216.244.66.202 - - [05/Apr/2026:20:36:05 +0300] "GET /2021/09/28/noi-apeluri-finantate-din-fonduri-norvegiene-vor-fi-lansate-in-decursul-urmatoarelor-luni-pana-la-8-milioane-de-euro-pentru-domeniile-educatie-sanatate-dezvoltarea-afacerilor-si-energie/feed/ HTTP/1.1" 200 133581 "-" "Mozilla/5.0 (compatible; DotBot/1.2; +https://opensiteexplorer.org/dotbot; help@moz.com)"
216.244.66.202 - - [05/Apr/2026:20:39:07 +0300] "GET /author/redactie/feed/ HTTP/1.1" 200 133581 "-" "Mozilla/5.0 (compatible; DotBot/1.2; +https://opensiteexplorer.org/dotbot; help@moz.com)"
170.106.143.6 - - [05/Apr/2026:20:39:21 +0300] "GET /?path=/home/velceapa/infolegal.biz HTTP/1.1" 200 57170 "-" "Mozilla/5.0 (iPhone; CPU iPhone OS 13_2_3 like Mac OS X) AppleWebKit/605.1.15 (KHTML, like Gecko) Version/13.0.3 Mobile/15E148 Safari/604.1"
198.38.92.104 - - [05/Apr/2026:20:47:26 +0300] "POST /xmlrpc.php HTTP/1.1" 200 133581 "-" "Mozilla/5.0 (Windows NT 10.0; WOW64; rv:140.0) Gecko/20100101 Firefox/140.0"
43.135.185.59 - - [05/Apr/2026:20:49:02 +0300] "GET /?path=/home/velceapa/lscache HTTP/1.1" 200 39769 "-" "Mozilla/5.0 (iPhone; CPU iPhone OS 13_2_3 like Mac OS X) AppleWebKit/605.1.15 (KHTML, like Gecko) Version/13.0.3 Mobile/15E148 Safari/604.1"
43.155.162.41 - - [05/Apr/2026:20:49:35 +0300] "GET / HTTP/1.1" 200 133581 "-" "Mozilla/5.0 (iPhone; CPU iPhone OS 13_2_3 like Mac OS X) AppleWebKit/605.1.15 (KHTML, like Gecko) Version/13.0.3 Mobile/15E148 Safari/604.1"
82.159.176.21 - - [05/Apr/2026:20:57:12 +0300] "POST /xmlrpc.php HTTP/1.1" 200 133581 "-" "Mozilla/5.0 (Windows NT 10.0) AppleWebKit/537.36 (KHTML, like Gecko) Chrome/138.0.0.0 Safari/537.36"
43.159.152.4 - - [05/Apr/2026:20:59:21 +0300] "GET /?path=/home/velceapa/startupzone.ro/wp-includes HTTP/1.1" 200 448646 "-" "Mozilla/5.0 (iPhone; CPU iPhone OS 13_2_3 like Mac OS X) AppleWebKit/605.1.15 (KHTML, like Gecko) Version/13.0.3 Mobile/15E148 Safari/604.1"
66.249.74.97 - - [05/Apr/2026:20:59:38 +0300] "GET /robots.txt HTTP/1.1" 200 94 "-" "Mozilla/5.0 (compatible; Googlebot/2.1; +http://www.google.com/bot.html)"
66.249.74.96 - - [05/Apr/2026:21:02:01 +0300] "GET / HTTP/1.1" 200 133581 "-" "Mozilla/5.0 (Linux; Android 6.0.1; Nexus 5X Build/MMB29P) AppleWebKit/537.36 (KHTML, like Gecko) Chrome/146.0.7680.177 Mobile Safari/537.36 (compatible; Googlebot/2.1; +http://www.google.com/bot.html)"
83.197.127.68 - - [05/Apr/2026:21:03:15 +0300] "POST /xmlrpc.php HTTP/1.1" 200 133581 "-" "Mozilla/5.0 (Windows NT 10.0) AppleWebKit/537.36 (KHTML, like Gecko) Chrome/142.0.0.0 Safari/537.36"
216.244.66.202 - - [05/Apr/2026:21:03:52 +0300] "GET /robots.txt HTTP/1.1" 200 94 "-" "Mozilla/5.0 (compatible; DotBot/1.2; +https://opensiteexplorer.org/dotbot; help@moz.com)"
43.153.71.132 - - [05/Apr/2026:21:09:18 +0300] "GET /?fileloc=/home/velceapa/startupzone.ro/.htaccess&path=/home/velceapa/startupzone.ro HTTP/1.1" 200 12564 "-" "Mozilla/5.0 (iPhone; CPU iPhone OS 13_2_3 like Mac OS X) AppleWebKit/605.1.15 (KHTML, like Gecko) Version/13.0.3 Mobile/15E148 Safari/604.1"
137.184.46.218 - - [05/Apr/2026:21:18:25 +0300] "POST /xmlrpc.php HTTP/1.1" 200 133581 "-" "Mozilla/5.0 (Windows NT 10.0; Win64; x64; rv:144.0) Gecko/20100101 Firefox/144.0"
43.159.143.187 - - [05/Apr/2026:21:19:03 +0300] "GET /?fileloc=/home/velceapa/startupzone.ro/.tmb.zip&path=/home/velceapa/startupzone.ro HTTP/1.1" 200 12062 "-" "Mozilla/5.0 (iPhone; CPU iPhone OS 13_2_3 like Mac OS X) AppleWebKit/605.1.15 (KHTML, like Gecko) Version/13.0.3 Mobile/15E148 Safari/604.1"
216.244.66.202 - - [05/Apr/2026:21:22:28 +0300] "GET /2021/05/24/impozitele-pe-proprietate-ar-putea-sa-creasca-ca-urmare-a-listei-integrale-a-angajamentelor-asumate-de-guvern-la-bruxelles-pentru-pnrr/feed/ HTTP/1.1" 200 133581 "-" "Mozilla/5.0 (compatible; DotBot/1.2; +https://opensiteexplorer.org/dotbot; help@moz.com)"
216.244.66.202 - - [05/Apr/2026:21:22:35 +0300] "GET /2021/06/08/veste-buna-pentru-elevi-si-studenti-chiar-inainte-de-vacanta-de-vara-statul-este-pregatit-sa-le-ofere-sume-importante-de-bani-inscrierile-se-finalizeaza-peste-cateva-zile/feed/ HTTP/1.1" 200 133581 "-" "Mozilla/5.0 (compatible; DotBot/1.2; +https://opensiteexplorer.org/dotbot; help@moz.com)"
216.244.66.202 - - [05/Apr/2026:21:22:41 +0300] "GET /2021/07/16/investitiile-straine-directe-au-crescut-cu-320-1674-miliarde-de-euro-in-primele-cinci-luni-din-2021-fata-de-perioada-similara-din-2020/feed/ HTTP/1.1" 200 133581 "-" "Mozilla/5.0 (compatible; DotBot/1.2; +https://opensiteexplorer.org/dotbot; help@moz.com)"
216.244.66.202 - - [05/Apr/2026:21:22:47 +0300] "GET /2021/07/29/incep-inscrierile-la-retailarena-a-game-of-the-future-inregistreaza-te-si-afla-cele-mai-noi-date-din-industrie/feed/ HTTP/1.1" 200 133581 "-" "Mozilla/5.0 (compatible; DotBot/1.2; +https://opensiteexplorer.org/dotbot; help@moz.com)"
216.244.66.202 - - [05/Apr/2026:21:22:57 +0300] "GET /2021/08/27/procedura-privind-stabilirea-din-oficiu-a-impozitului-anual-pe-veniturile-persoanelor-fizice/feed/ HTTP/1.1" 200 133581 "-" "Mozilla/5.0 (compatible; DotBot/1.2; +https://opensiteexplorer.org/dotbot; help@moz.com)"
216.244.66.202 - - [05/Apr/2026:21:23:04 +0300] "GET /2021/10/14/firmele-vor-avea-de-completat-260-de-campuri-obligatorii-din-750-la-noua-declaratie-406-saf-t-ce-amenzi-sunt-care-sunt-noutatile-si-termenele/feed/ HTTP/1.1" 200 133581 "-" "Mozilla/5.0 (compatible; DotBot/1.2; +https://opensiteexplorer.org/dotbot; help@moz.com)"
216.244.66.202 - - [05/Apr/2026:21:23:11 +0300] "GET /2023/04/10/sprijin-de-urgenta-in-valoare-de-peste-20-de-milioane-de-euro-pentru-producatorii-agricoli-din-sectorul-cerealelor/feed/ HTTP/1.1" 200 133581 "-" "Mozilla/5.0 (compatible; DotBot/1.2; +https://opensiteexplorer.org/dotbot; help@moz.com)"
170.106.37.134 - - [05/Apr/2026:21:30:01 +0300] "GET /?fileloc=/home/velceapa/startupzone.ro/Professor6T9.txt&path=/home/velceapa/startupzone.ro HTTP/1.1" 200 12528 "-" "Mozilla/5.0 (iPhone; CPU iPhone OS 13_2_3 like Mac OS X) AppleWebKit/605.1.15 (KHTML, like Gecko) Version/13.0.3 Mobile/15E148 Safari/604.1"
20.250.0.21 - - [05/Apr/2026:21:37:50 +0300] "GET /wp-content/plugins/hellopress/wp_filemanager.php HTTP/1.1" 200 133581 "-" "-"
20.250.0.21 - - [05/Apr/2026:21:37:51 +0300] "GET /asd67.php HTTP/1.1" 200 133581 "-" "-"
75.127.14.16 - - [05/Apr/2026:21:49:31 +0300] "POST /xmlrpc.php HTTP/1.1" 200 133581 "-" "Mozilla/5.0 (Windows NT 10.0) AppleWebKit/537.36 (KHTML, like Gecko) Chrome/140.0.0.0 Safari/537.36 Edg/140.0.0.0"
43.159.143.187 - - [05/Apr/2026:21:49:37 +0300] "GET /?fileloc=/home/velceapa/startupzone.ro/gallery-offset-system-patrens.php&path=/home/velceapa/startupzone.ro HTTP/1.1" 200 13580 "-" "Mozilla/5.0 (iPhone; CPU iPhone OS 13_2_3 like Mac OS X) AppleWebKit/605.1.15 (KHTML, like Gecko) Version/13.0.3 Mobile/15E148 Safari/604.1"
216.244.66.202 - - [05/Apr/2026:21:50:58 +0300] "GET /robots.txt HTTP/1.1" 200 94 "-" "Mozilla/5.0 (compatible; DotBot/1.2; +https://opensiteexplorer.org/dotbot; help@moz.com)"
49.51.204.74 - - [05/Apr/2026:21:58:43 +0300] "GET /?path=/home/velceapa HTTP/1.1" 200 137258 "-" "Mozilla/5.0 (iPhone; CPU iPhone OS 13_2_3 like Mac OS X) AppleWebKit/605.1.15 (KHTML, like Gecko) Version/13.0.3 Mobile/15E148 Safari/604.1"
216.244.66.202 - - [05/Apr/2026:22:02:33 +0300] "GET /2026/04/01/duck-kurzen-moorhuhn-kurzen/ HTTP/1.1" 200 133581 "-" "Mozilla/5.0 (compatible; DotBot/1.2; +https://opensiteexplorer.org/dotbot; help@moz.com)"
198.58.96.57 - - [05/Apr/2026:22:09:32 +0300] "POST /xmlrpc.php HTTP/1.1" 200 133581 "-" "Mozilla/5.0 (Windows NT 10.0; WOW64) AppleWebKit/537.36 (KHTML, like Gecko) Chrome/137.0.0.0 Safari/537.36"
216.244.66.202 - - [05/Apr/2026:22:09:40 +0300] "GET /2021/05/19/de-la-1-iulie-vor-aparea-modificari-cu-mare-impact-aspra-preturilor-la-consumator-cresc-tarifele-la-furnizorii-de-energie-electrica-si-dispar-unele-obligatii-ale-acestora/feed/ HTTP/1.1" 200 133581 "-" "Mozilla/5.0 (compatible; DotBot/1.2; +https://opensiteexplorer.org/dotbot; help@moz.com)"
216.244.66.202 - - [05/Apr/2026:22:09:45 +0300] "GET /2021/10/15/situatia-privind-evaluarea-dosarelor-depuse-pentru-masura-horeca-la-data-de-15-octombrie-2021/feed/ HTTP/1.1" 200 133581 "-" "Mozilla/5.0 (compatible; DotBot/1.2; +https://opensiteexplorer.org/dotbot; help@moz.com)"
216.244.66.202 - - [05/Apr/2026:22:09:50 +0300] "GET /2021/11/16/ong-urile-si-institutiile-de-invatamant-pot-aplica-pentru-granturi-de-pana-la-15-000-de-dolari-in-cadrul-programului-anual-de-finantari-al-ambasadei-sua-la-bucuresti/feed/ HTTP/1.1" 200 133581 "-" "Mozilla/5.0 (compatible; DotBot/1.2; +https://opensiteexplorer.org/dotbot; help@moz.com)"
216.244.66.202 - - [05/Apr/2026:22:09:55 +0300] "GET /2022/02/11/indemnizatie-covid-19-pentru-porfesionisti-modelul-cererii-si-documentelor-oficializate/feed/ HTTP/1.1" 200 133581 "-" "Mozilla/5.0 (compatible; DotBot/1.2; +https://opensiteexplorer.org/dotbot; help@moz.com)"
216.244.66.202 - - [05/Apr/2026:22:10:00 +0300] "GET /2022/10/24/sprijin-de-220-milioane-de-euro-pentru-producatorii-din-zona-montana-atentie-primul-venit-primul-servit/feed/ HTTP/1.1" 200 133581 "-" "Mozilla/5.0 (compatible; DotBot/1.2; +https://opensiteexplorer.org/dotbot; help@moz.com)"
216.244.66.202 - - [05/Apr/2026:22:16:35 +0300] "GET /2026/04/01/a-knowledgeable-free-online-casino-no-deposit-bonus-list-spins-casino-incentives-in-the-usa-2026/ HTTP/1.1" 200 133581 "-" "Mozilla/5.0 (compatible; DotBot/1.2; +https://opensiteexplorer.org/dotbot; help@moz.com)"
170.106.163.48 - - [05/Apr/2026:22:19:14 +0300] "GET /?path=/home HTTP/1.1" 200 13937 "-" "Mozilla/5.0 (iPhone; CPU iPhone OS 13_2_3 like Mac OS X) AppleWebKit/605.1.15 (KHTML, like Gecko) Version/13.0.3 Mobile/15E148 Safari/604.1"
204.48.18.182 - - [05/Apr/2026:22:25:15 +0300] "POST /xmlrpc.php HTTP/1.1" 200 133581 "-" "Mozilla/5.0 (Windows NT 10.0) AppleWebKit/537.43 (KHTML, like Gecko) Chrome/134.0.0.0 Safari/537.36 OPR/119.0.0.0"
205.172.3.73 - - [05/Apr/2026:22:29:17 +0300] "POST /xmlrpc.php HTTP/1.1" 200 133581 "-" "Mozilla/5.0 (Windows NT 10.0; WOW64) AppleWebKit/537.36 (KHTML, like Gecko) Chrome/142.0.0.0 Safari/537.36"
43.135.182.95 - - [05/Apr/2026:22:29:36 +0300] "GET /?path=/ HTTP/1.1" 200 34438 "-" "Mozilla/5.0 (iPhone; CPU iPhone OS 13_2_3 like Mac OS X) AppleWebKit/605.1.15 (KHTML, like Gecko) Version/13.0.3 Mobile/15E148 Safari/604.1"
67.205.159.76 - - [05/Apr/2026:22:32:07 +0300] "POST /xmlrpc.php HTTP/1.1" 200 133581 "-" "Mozilla/5.0 (Windows NT 10.0; Win64; x64) AppleWebKit/537.43 (KHTML, like Gecko) Chrome/135.0.0.0 Safari/537.36 OPR/120.0.0.0"
216.244.66.202 - - [05/Apr/2026:22:37:23 +0300] "GET /robots.txt HTTP/1.1" 200 94 "-" "Mozilla/5.0 (compatible; DotBot/1.2; +https://opensiteexplorer.org/dotbot; help@moz.com)"
192.71.126.245 - - [05/Apr/2026:22:48:49 +0300] "GET / HTTP/1.1" 200 133581 "-" "Mozilla/5.0 (Linux; Android 12; SAMSUNG SM-A415F) AppleWebKit/537.36 (KHTML, like Gecko) SamsungBrowser/23.0 Chrome/115.0.0.0 Mobile Safari/537.3"
43.155.195.141 - - [05/Apr/2026:22:49:01 +0300] "GET /?path=/home/velceapa/.composer HTTP/1.1" 200 15551 "-" "Mozilla/5.0 (iPhone; CPU iPhone OS 13_2_3 like Mac OS X) AppleWebKit/605.1.15 (KHTML, like Gecko) Version/13.0.3 Mobile/15E148 Safari/604.1"
37.203.37.105 - - [05/Apr/2026:22:50:08 +0300] "GET /CDX2.php HTTP/1.1" 200 133581 "-" "Mozilla/5.0 (Windows NT 10.0; Win64; x64) AppleWebKit/537.36 (KHTML, like Gecko) Chrome/146.0.0.0 Safari/537.36"
37.203.37.105 - - [05/Apr/2026:22:50:10 +0300] "GET /favicon.ico HTTP/1.1" 200 133581 "http://startupzone.ro/CDX2.php" "Mozilla/5.0 (Windows NT 10.0; Win64; x64) AppleWebKit/537.36 (KHTML, like Gecko) Chrome/146.0.0.0 Safari/537.36"
216.244.66.202 - - [05/Apr/2026:22:54:21 +0300] "GET /2021/03/29/imm-urile-sunt-lasate-sa-moara-in-contextul-noilor-restrictii-programul-horeca-nu-a-fost-deschis-inca/feed/ HTTP/1.1" 200 133581 "-" "Mozilla/5.0 (compatible; DotBot/1.2; +https://opensiteexplorer.org/dotbot; help@moz.com)"
216.244.66.202 - - [05/Apr/2026:22:54:36 +0300] "GET /2021/04/01/un-accelerator-pentru-start-up-uri-este-deschis-pentru-aplicatii-oferind-50-000-euro-in-schimbul-a-maximum-8-din-companie/feed/ HTTP/1.1" 200 133581 "-" "Mozilla/5.0 (compatible; DotBot/1.2; +https://opensiteexplorer.org/dotbot; help@moz.com)"
216.244.66.202 - - [05/Apr/2026:22:54:46 +0300] "GET /2021/06/15/se-prelungeste-sesiunea-de-depunere-pentru-cererile-de-proiecte-din-cadrul-sdl-gal-siret-barlad-est/feed/ HTTP/1.1" 200 133581 "-" "Mozilla/5.0 (compatible; DotBot/1.2; +https://opensiteexplorer.org/dotbot; help@moz.com)"
216.244.66.202 - - [05/Apr/2026:22:54:56 +0300] "GET /2021/08/03/consultare-publica-proiect-de-hg-pentru-sprijinirea-mamelor-cu-posibilitati-materiale-reduse-inclusiv-prin-acordarea-unor-tichete-sociale-in-valoare-de-2000-de-lei/feed/ HTTP/1.1" 200 133581 "-" "Mozilla/5.0 (compatible; DotBot/1.2; +https://opensiteexplorer.org/dotbot; help@moz.com)"
216.244.66.202 - - [05/Apr/2026:22:55:04 +0300] "GET /2021/08/10/sprijin-la-nivelul-regiunii-sud-est-pentru-pregatirea-de-proiecte-finantate-din-perioada-de-programare-2021-2027/feed/ HTTP/1.1" 200 133581 "-" "Mozilla/5.0 (compatible; DotBot/1.2; +https://opensiteexplorer.org/dotbot; help@moz.com)"
216.244.66.202 - - [05/Apr/2026:22:55:13 +0300] "GET /2022/04/20/finantare-in-valoare-de-20-000-de-euro-pentru-start-up-uri-ong-uri-si-antreprenori-sociali-care-genereaza-impact-pozitiv-asupra-bunastarii-copiilor/feed/ HTTP/1.1" 200 133581 "-" "Mozilla/5.0 (compatible; DotBot/1.2; +https://opensiteexplorer.org/dotbot; help@moz.com)"
216.244.66.202 - - [05/Apr/2026:22:55:20 +0300] "GET /2022/07/05/afir-noutati-privind-masura-19-de-sprijin-sprijin-pentru-dezvoltarea-locala-leader-din-cadrul-programului-national-de-dezvoltare-rurala-2014-2020-pndr-2020/feed/ HTTP/1.1" 200 133581 "-" "Mozilla/5.0 (compatible; DotBot/1.2; +https://opensiteexplorer.org/dotbot; help@moz.com)"
89.124.8.29 - - [05/Apr/2026:23:16:36 +0300] "GET /asd67.php HTTP/1.1" 200 133581 "-" "Mozilla/5.0 (Windows NT 10.0; Win64; x64) AppleWebKit/537.36 (KHTML, like Gecko) Chrome/146.0.0.0 Safari/537.36"
89.124.8.29 - - [05/Apr/2026:23:16:45 +0300] "GET /favicon.ico HTTP/1.1" 200 133581 "http://www.startupzone.velcea-partners.ro/asd67.php" "Mozilla/5.0 (Windows NT 10.0; Win64; x64) AppleWebKit/537.36 (KHTML, like Gecko) Chrome/146.0.0.0 Safari/537.36"
43.154.127.188 - - [05/Apr/2026:23:19:38 +0300] "GET /?path=//var HTTP/1.1" 200 30672 "-" "Mozilla/5.0 (iPhone; CPU iPhone OS 13_2_3 like Mac OS X) AppleWebKit/605.1.15 (KHTML, like Gecko) Version/13.0.3 Mobile/15E148 Safari/604.1"
20.63.84.172 - - [05/Apr/2026:23:23:33 +0300] "GET //wp-content/plugins/fix/up.php HTTP/1.1" 200 133581 "-" "Mozilla/5.0 (Windows NT 10.0; Win64; x64) AppleWebKit/537.36 (KHTML, like Gecko) Chrome/85.0.4183.102 Safari/537.36"
216.244.66.202 - - [05/Apr/2026:23:24:14 +0300] "GET /robots.txt HTTP/1.1" 200 94 "-" "Mozilla/5.0 (compatible; DotBot/1.2; +https://opensiteexplorer.org/dotbot; help@moz.com)"
34.26.69.236 - - [05/Apr/2026:23:25:34 +0300] "HEAD /wordpress/ HTTP/1.1" 200 - "-" "Mozilla/5.0 (Linux; Android 14; Xiaomi 14 Pro) AppleWebKit/537.36 (KHTML, like Gecko) Chrome/126.0.6478.33 Mobile Safari/537.36"
34.26.69.236 - - [05/Apr/2026:23:25:35 +0300] "HEAD /wp/ HTTP/1.1" 200 - "-" "Mozilla/5.0 (X11; Linux x86_64; rv:127.0) Gecko/20100101 Firefox/127.0"
34.26.69.236 - - [05/Apr/2026:23:25:35 +0300] "HEAD /new/ HTTP/1.1" 200 - "-" "Mozilla/5.0 (iPhone; CPU iPhone OS 16_7 like Mac OS X) AppleWebKit/605.1.15 (KHTML, like Gecko) Version/16.7 Mobile/15E148 Safari/604.1"
34.26.69.236 - - [05/Apr/2026:23:25:35 +0300] "HEAD /blog/ HTTP/1.1" 200 - "-" "Mozilla/5.0 (Linux; Android 11; RMX2195) AppleWebKit/537.36 (KHTML, like Gecko) Chrome/120.0.6099.210 Mobile Safari/537.36 OPR/75.2.3995.72468"
34.26.69.236 - - [05/Apr/2026:23:25:35 +0300] "HEAD /backup/ HTTP/1.1" 200 - "-" "Mozilla/5.0 (iPhone; CPU iPhone OS 16_7 like Mac OS X) AppleWebKit/605.1.15 (KHTML, like Gecko) Version/16.7 Mobile/15E148 Safari/604.1"
34.26.69.236 - - [05/Apr/2026:23:25:36 +0300] "HEAD /old/ HTTP/1.1" 200 - "-" "Mozilla/5.0 (Linux; Android 14; Xiaomi 14 Pro) AppleWebKit/537.36 (KHTML, like Gecko) Chrome/126.0.6478.33 Mobile Safari/537.36"
34.26.69.236 - - [05/Apr/2026:23:25:36 +0300] "HEAD / HTTP/1.1" 200 - "-" "Mozilla/5.0 (Linux; Android 14; SM-A146P) AppleWebKit/537.36 (KHTML, like Gecko) SamsungBrowser/25.0 Chrome/123.0.6312.120 Mobile Safari/537.36"
43.154.127.188 - - [05/Apr/2026:23:28:55 +0300] "GET /?path=//root HTTP/1.1" 200 12630 "-" "Mozilla/5.0 (iPhone; CPU iPhone OS 13_2_3 like Mac OS X) AppleWebKit/605.1.15 (KHTML, like Gecko) Version/13.0.3 Mobile/15E148 Safari/604.1"
51.89.19.88 - - [05/Apr/2026:23:30:15 +0300] "POST /xmlrpc.php HTTP/1.1" 200 133581 "-" "Mozilla/5.0 (Windows NT 10.0) AppleWebKit/537.43 (KHTML, like Gecko) Chrome/134.0.0.0 Safari/537.36 OPR/119.0.0.0"
216.244.66.202 - - [05/Apr/2026:23:38:11 +0300] "GET /2021/07/21/de-la-1-august-concediul-medical-se-acorda-in-cel-putin-doua-etape-impreuna-cu-un-plan-de-recuperare-ce-contine-planul-si-cine-il-va-primi-proiect-de-norme/ HTTP/1.1" 200 133581 "-" "Mozilla/5.0 (compatible; DotBot/1.2; +https://opensiteexplorer.org/dotbot; help@moz.com)"
216.244.66.202 - - [05/Apr/2026:23:39:52 +0300] "GET /2021/03/24/google-ofera-1-255-de-burse-pentru-romanii-care-vor-sa-urmeze-cursuri-in-it/ HTTP/1.1" 200 133581 "-" "Mozilla/5.0 (compatible; DotBot/1.2; +https://opensiteexplorer.org/dotbot; help@moz.com)"
216.244.66.202 - - [05/Apr/2026:23:42:06 +0300] "GET /2021/02/18/citu-motiveaza-alocarile-bugetare-pentru-anul-2021-pe-facebook/feed/ HTTP/1.1" 200 133581 "-" "Mozilla/5.0 (compatible; DotBot/1.2; +https://opensiteexplorer.org/dotbot; help@moz.com)"
216.244.66.202 - - [05/Apr/2026:23:42:13 +0300] "GET /2021/05/06/masura-a-2a-asteptata-de-toti-antreprenorii-procesata-din-ce-in-ce-mai-greu-de-ministerul-economiei-claudiu-nasui-a-gestionat-prost-implementarea-acesteia/feed/ HTTP/1.1" 200 133581 "-" "Mozilla/5.0 (compatible; DotBot/1.2; +https://opensiteexplorer.org/dotbot; help@moz.com)"
216.244.66.202 - - [05/Apr/2026:23:42:19 +0300] "GET /2021/08/10/eveniment-online-privind-eic-accelerator-instrument-dedicat-sprijinirii-intreprinderilor-nou-infiintate-si-imm-urilor/feed/ HTTP/1.1" 200 133581 "-" "Mozilla/5.0 (compatible; DotBot/1.2; +https://opensiteexplorer.org/dotbot; help@moz.com)"
216.244.66.202 - - [05/Apr/2026:23:42:25 +0300] "GET /2021/08/13/guvernul-a-aprobat-un-memorandum-propus-de-ministerul-investitiilor-si-proiectelor-europene/feed/ HTTP/1.1" 200 133581 "-" "Mozilla/5.0 (compatible; DotBot/1.2; +https://opensiteexplorer.org/dotbot; help@moz.com)"
216.244.66.202 - - [05/Apr/2026:23:42:30 +0300] "GET /2021/08/19/madr-au-fost-publicate-conditiile-de-accesare-a-fondurilor-europene-pentru-tineri-fermieri-ferme-mici-si-pentru-cooperare-in-sectorul-agricol-si-pomicol/feed/ HTTP/1.1" 200 133581 "-" "Mozilla/5.0 (compatible; DotBot/1.2; +https://opensiteexplorer.org/dotbot; help@moz.com)"
216.244.66.202 - - [05/Apr/2026:23:42:34 +0300] "GET /2021/11/25/a-doua-sesiune-de-depunere-pe-microgranturi-s-a-incheiat-au-fost-depuse-33-555-de-aplicatii/feed/ HTTP/1.1" 200 133581 "-" "Mozilla/5.0 (compatible; DotBot/1.2; +https://opensiteexplorer.org/dotbot; help@moz.com)"
216.244.66.202 - - [05/Apr/2026:23:42:39 +0300] "GET /2021/12/02/romania-urmeaza-sa-primeasca-astazi-prima-parte-din-prefinantarea-pnrr-circa-18-miliarde-euro/feed/ HTTP/1.1" 200 133581 "-" "Mozilla/5.0 (compatible; DotBot/1.2; +https://opensiteexplorer.org/dotbot; help@moz.com)"
216.244.66.202 - - [05/Apr/2026:23:42:44 +0300] "GET /2022/01/03/regimul-fiscal-al-sponsorizarilor-se-ingreuneaza-deducerea-si-se-limiteaza-la-6-luni-dupa-inchiderea-exercitiului/feed/ HTTP/1.1" 200 133581 "-" "Mozilla/5.0 (compatible; DotBot/1.2; +https://opensiteexplorer.org/dotbot; help@moz.com)"
216.244.66.202 - - [05/Apr/2026:23:42:49 +0300] "GET /2022/01/28/in-acest-an-100-000-de-lucratori-straini-ar-putea-fi-admisi-pe-piata-fortei-de-munca/feed/ HTTP/1.1" 200 133581 "-" "Mozilla/5.0 (compatible; DotBot/1.2; +https://opensiteexplorer.org/dotbot; help@moz.com)"
216.244.66.202 - - [05/Apr/2026:23:42:54 +0300] "GET /2022/02/08/agro-imm-invest-tot-ce-trebuie-sa-stie-fermierii-care-vor-sa-acceseze-programul/feed/ HTTP/1.1" 200 133581 "-" "Mozilla/5.0 (compatible; DotBot/1.2; +https://opensiteexplorer.org/dotbot; help@moz.com)"
216.244.66.202 - - [05/Apr/2026:23:42:59 +0300] "GET /2023/07/04/trei-apeluri-pe-pr-sv-oltenia-urmeaza-sa-se-lanseze-luna-aceasta-ghidurile-au-fost-publicate/feed/ HTTP/1.1" 200 133581 "-" "Mozilla/5.0 (compatible; DotBot/1.2; +https://opensiteexplorer.org/dotbot; help@moz.com)"
20.63.84.172 - - [05/Apr/2026:23:44:10 +0300] "GET //wp-content/plugins/fix/up.php HTTP/1.1" 200 133581 "-" "Mozilla/5.0 (Windows NT 10.0; Win64; x64) AppleWebKit/537.36 (KHTML, like Gecko) Chrome/85.0.4183.102 Safari/537.36"
20.63.84.172 - - [05/Apr/2026:23:49:38 +0300] "GET //wp-content/plugins/fix/up.php HTTP/1.1" 200 133581 "-" "Mozilla/5.0 (Windows NT 10.0; Win64; x64) AppleWebKit/537.36 (KHTML, like Gecko) Chrome/85.0.4183.102 Safari/537.36"
72.146.8.131 - - [06/Apr/2026:00:03:42 +0300] "GET /wp-content/plugins/hellopress/wp_filemanager.php HTTP/1.1" 200 133581 "-" "-"
72.146.8.131 - - [06/Apr/2026:00:03:43 +0300] "GET /zt2.php HTTP/1.1" 200 133581 "-" "-"
216.244.66.202 - - [06/Apr/2026:00:11:10 +0300] "GET /robots.txt HTTP/1.1" 200 94 "-" "Mozilla/5.0 (compatible; DotBot/1.2; +https://opensiteexplorer.org/dotbot; help@moz.com)"
20.63.84.172 - - [06/Apr/2026:00:18:01 +0300] "GET //wp-content/plugins/fix/up.php HTTP/1.1" 200 133581 "-" "Mozilla/5.0 (Windows NT 10.0; Win64; x64) AppleWebKit/537.36 (KHTML, like Gecko) Chrome/85.0.4183.102 Safari/537.36"
